 = a*g - 3 - 7. Let r(n) = 8*n - 3*n - n**g - n. What is r(4)?
0
Let p = -2 + 2. Suppose 2*h = 6*h - 3*q - 7, -3*h + 2*q + 4 = p. Let j = -4 - h. Let t(g) = g**3 + g**2 - g - 1. What is t(j)?
-3
Let b(r) = r**3 - 5*r**2 + 7. Suppose -14 = -5*j - 34. Let m = j + 9. Determine b(m).
7
Let k(n) = n**3 + 5*n**2 - 8*n - 2. Suppose 36 = 2*w - 7*w - 2*f, 2*w = 2*f - 6. Calculate k(w).
10
Let n = -3 + 1. Let t(l) be the third derivative of -l**7/5040 - l**5/30 + l**2. Let x(b) be the third derivative of t(b). Give x(n).
2
Let i = -11 + 15. Let m(z) = -i - 1 - 4*z**2 - 9*z + 3*z + 3*z**2. Give m(-4).
3
Let z(k) = 7*k. Let v(t) be the first derivative of 3 + 1/2*t**2 - 3*t. Let w be v(4). Determine z(w).
7
Let o be 4/(-6) - 2/(-3). Let h(z) = -2*z + 7. Let f(v) = v - 3. Let w(i) = 5*f(i) + 2*h(i). Calculate w(o).
-1
Suppose -3*f = 5*w - 19, 2*f - 3*w + 14 = -w. Let r(z) be the first derivative of z**3/3 - z**2/2 + 2. Determine r(f).
6
Let b(i) be the first derivative of -i**3/3 - 3*i**2 + i + 6. Give b(-5).
6
Suppose -3*g = -14 - 7. Let j(r) = -r + 3. Calculate j(g).
-4
Let i(s) = 2*s**2 + 18*s - 3. Let w be i(-9). Let l(m) = -m**3 - 2*m**2 + m - 4. Calculate l(w).
2
Let v(s) be the second derivative of s**4/12 + 7*s**3/6 + 3*s**2/2 + 2*s. Give v(-6).
-3
Let b = -17 - -11. Let x(y) = 5 + y**2 - 2*y - 11 + 7*y. What is x(b)?
0
Let q(b) = -b**3 - 3*b**2 + 8*b + 7. Let f be q(-5). Suppose -4*v + 2*c = -10, -25 = -3*c - 10. Let g(k) = -6*k + f*k + v - 5. Determine g(1).
11
Let c(r) = -1 - 5*r**3 - 6*r**2 + 2*r**2 - 6*r - 4*r**3 + 10*r**3. Suppose 4*s - 15 = s. Determine c(s).
-6
Let g = -1 - -5. Let n(v) = 2*v**2 + 4*v - 7. Let r(p) = -3*p**2 - 3*p + 7. Let y(t) = g*n(t) + 3*r(t). Give y(6).
-1
Suppose -f - g + 9 = 0, 0*f - 4*g = -2*f. Let b(z) = -z**3 + 7*z**2 - 6*z - 1. Give b(f).
-1
Suppose 0 = -4*p - t + 3*t - 4, -5*t = -10. Let g(k) = 2*k + p*k + k**2 + 3 - k + 2*k. Calculate g(-3).
3
Let w = 17 + -16. Let v(l) = 6*l**2 + l**3 - 3*l + l + 7*l + w - 3*l. What is v(-6)?
-11
Let w(u) = -6*u - 1. Let i(d) = -d - 10. Let c be i(-9). Determine w(c).
5
Let p(d) = 2*d - 3*d + 2 + 1. Let u(i) = -i + 1. Let j be u(4). Calculate p(j).
6
Let c(y) = -y**2 - y. Let l(f) = -2*f**2 - 1. Let n(q) = -3*c(q) + 2*l(q). Calculate n(2).
0
Let j be (-2)/(-3) + 8/(-12). Let q(u) be the third derivative of 0*u - 1/24*u**4 + 1/6*u**3 + 0 + 1/60*u**5 - 2*u**2. Give q(j).
1
Let i = 21 - 19. Let o(x) = -3*x**i - 28 - 6*x + 2*x**2 + 22. Determine o(-6).
-6
Let s(u) = -6 + u**2 + 11 - 8*u + 3. Give s(8).
8
Let m = 22 - 16. Suppose 0 = -m*f + 2*f + 16. Let b(x) = x**3 - 5*x**2 + 3*x + 1. Let v be b(f). Let y(p) = -p**3 - 3*p**2 + 3*p + 1. What is y(v)?
-8
Let b(z) be the first derivative of 0*z**2 - z - 5/2*z**4 + 2 + 2/3*z**3. Let s(v) = v**2 + 6*v + 6. Let d be s(-5). What is b(d)?
-9
Let c(z) be the second derivative of 4*z - 1/3*z**3 + 0 + 3/2*z**2 - 1/24*z**4. Let x(o) be the first derivative of c(o). Determine x(0).
-2
Let g be (-2 - 0) + 2 + 1. Let k(o) = 0*o**2 + 2*o**2 + 4*o**3 - 1 - o**3 + o**3. Calculate k(g).
5
Let i = 16 - 13. Suppose -i = -2*d + 5*d. Let m(n) = 21*n**2 + 10*n + 10. Let k(l) = 7*l**2 + 3*l + 3. Let j(w) = 7*k(w) - 2*m(w). Calculate j(d).
7
Let g(s) = s**3 + 3*s**2 - 4*s + 2. Let u be g(-4). Let y(i) = 4 - u - i**3 + 5*i**2 + 0 - 2*i. Suppose -25 = n - 6*n. What is y(n)?
-8
Let j(o) = -6*o - 5*o + 21*o - 9 - 7*o. Give j(-7).
-30
Let l(j) = -j**3 - 2*j - 1. Let g(d) = -2*d**3 - 3*d - 1. Let n(w) = -2*g(w) + 3*l(w). What is n(2)?
7
Let m = 7 + -6. Let s(w) = 2*w + 0*w**3 - 1 + 5*w**3 - w. Calculate s(m).
5
Let f(n) = n**3 + 16*n**2 + 14*n - 8. Let q be f(-15). Suppose -5*k - 25 = 0, q*b - 2*b = -k - 25. Let d(i) = i**2 + 4*i + 3. Determine d(b).
3
Let b(g) = -g - 11. Let o be b(-7). Let f(h) = -h**3 - 5*h**2 - 6*h - 6. Determine f(o).
2
Let q(w) be the first derivative of -1/6*w**3 - 4*w - 5*w**2 + 4. Let f(s) be the first derivative of q(s). What is f(-6)?
-4
Let l = 44 - 39. Let z(j) = j**2 - 4*j - 4. Determine z(l).
1
Let s(v) = -1 + 1 + 3 + v. Let w = -13 - -11. Give s(w).
1
Let i(q) = 8*q**3 + 2*q**2 - 2*q + 1. Suppose 5 = -4*a + 2*o + 1, 4*o - 8 = 0. Suppose 3 + a = 3*u. Determine i(u).
9
Suppose 3*l + 2 = -2*l + 4*r, 0 = -3*l - 2*r + 12. Suppose -2*w = q - 3, -q - 2*w = q + l. Let f(p) = p**3 + 5*p**2 + p + 6. Calculate f(q).
1
Let u(p) = 5*p - 13. Let k(w) = -3*w + 7. Let d(i) = -11*k(i) - 6*u(i). What is d(-2)?
-5
Let l(m) = m - 7. Let w be l(-8). Let s be 2/2 - w/3. Let k(d) = d**2 + 3*d - 3 + 2 - s*d. Give k(2).
-3
Let t(f) = f**3 - 5*f**2 - f - 4. Let o = -25 - -29. Determine t(o).
-24
Suppose -2*b - 5*d - 14 = 0, -51 = -5*b + 5*d - 16. Suppose 0*x + b*k = 5*x - 4, 3*x = -4*k + 14. Let w(o) = -3*o**2 + 3*o. Calculate w(x).
-6
Let b(p) = p**2 + 5*p + 3. Let o be b(-4). Let k(i) = -6*i**3 - i**2 - 2*i - 1. Give k(o).
6
Let h = 7 + -1. Let u(q) be the first derivative of -2*q + 3*q**2 - 7/3*q**3 + 3 + 1/4*q**4. Calculate u(h).
-2
Let u be 0/(4 + -2) - -1. Let b be (-7 + u)/(-4 + 2). Let j(r) = 22*r**2 + 4*r - 16. Let a(x) = 7*x**2 + x - 5. Let g(l) = 16*a(l) - 5*j(l). Calculate g(b).
6
Let i(w) = -w**3 - 6*w + 5*w**2 - 2*w - 2 + 4*w. Let l be (-4)/(-1) + (0 - 0). Calculate i(l).
-2
Let s(v) = v - 6. Let k be s(5). Let u be (2/(-6))/(k/6). Let p(t) = 4 - 2 + t**3 - t**2 - 3*t**u + t. Give p(2).
-4
Let t(q) be the third derivative of -1/2*q**3 + 0*q + 0 - 1/60*q**5 + 0*q**4 + 3*q**2. Calculate t(0).
-3
Let r(g) = -g**2 + 1. Let u be 1*(-2)/(-8) + (-18)/8. Give r(u).
-3
Let f be (-4)/(-6) - 6/(-18). Let w(d) be the second derivative of -d**4/4 + d**2/2 - 4*d. Determine w(f).
-2
Let j(s) = 3*s + 0*s - 4*s. Suppose y = 4*y. Let g = y - 5. Calculate j(g).
5
Let a(x) = -x**3 + 12*x**2 - x + 15. Let j be a(12). Let y(b) = 5 - b + 2*b - j + 4. Determine y(-5).
1
Let w(c) = 8*c - 1. Let m(s) = -s**3 - 3*s**2 + 2*s - 5. Let y be m(-4). Let l be 15*3*(-3)/(-45). Suppose -5*u - y = 4*o + 8, l*o = -4*u - 8. Calculate w(u).
7
Let s(y) = -y**2 + 3*y - 7. Let h(m) = 3*m**2 - 9*m + 20. Let t(j) = -4*h(j) - 11*s(j). Give t(2).
-1
Suppose h = -6*h + 21. Let p(d) be the second derivative of 7/2*d**2 - d - 1/6*d**h + 0. Give p(5).
2
Suppose 5*a + 6 = -5*l - 4, l = 2*a - 8. Let g(d) = d**2 + 3*d - 3. Give g(l).
1
Suppose 0*s - s + 25 = 0. Suppose 9*a + s = 4*a. Let m(l) = -l**3 - 5*l**2 + 2*l + 4. What is m(a)?
-6
Let f(y) = y. Let h be 8/2*(-10)/8. Let g(v) = 12*v**3 - v**2 + 5*v. Let m(x) = h*f(x) + g(x). Give m(1).
11
Suppose -4*s = -w - 1 - 4, 0 = -w - 3*s + 9. Let t(x) = x**2 + 1 - 2 + w*x - 2*x. Let l(k) = k + 5. Let j be l(-4). Determine t(j).
1
Let a(f) = 4*f - 2. Let p be (-36)/20 + 1/(-5). Calculate a(p).
-10
Let b(y) = y**2 + 4*y + 6. Let a(f) = -f**2 - 5*f - 5. Let z(c) = 3*a(c) + 2*b(c). Determine z(-7).
-3
Let r be -3 + 1 + 0 + 0. Let c(y) = 13*y**2 - y + 15. Let h(u) = 6*u**2 + 7. Let s(w) = -4*c(w) + 9*h(w). Determine s(r).
3
Let h(q) = 5*q**2 + 6*q. Let a(b) = -9*b**2 - 11*b. Let t(k) = 6*a(k) + 11*h(k). Let p(z) = -12*z**2 - 1. Let i(n) = p(n) + 6*t(n). Calculate i(1).
-7
Let y be 3/9 + (-16)/(-6). Let k be y/(-9) - (-8)/6. Let v(x) = 8*x**2 + 2*x - 1. Calculate v(k).
9
Suppose 0 = v - 1 - 0. Let n(o) = 5 + 1 - v + o - 1. Calculate n(-5).
-1
Let u(h) = h**2 - 2*h - 6 + 2 + 7*h + 2*h. Calculate u(-7).
-4
Let w(c) = c**2 + 6*c. Let i be w(-6). Suppose i = -2*o + 6*o - 4. Suppose -3*d - 2*n = -25, o + 9 = -2*d + 4*n. Let f(g) = g. Calculate f(d).
5
Let z(w) = -w - 1. Let j(r) = -r - 1. Let t(b) = 3*j(b) - 4*z(b). Calculate t(-5).
-4
Let t(b) = -b**3 - 8*b**2 - 8*b - 10. Let p(m) = m - 12. Let w be p(5). What is t(w)?
-3
Suppose 3*l - 8*l + 20 = 0. Suppose -2*p + 4*u = 2*u - 8, 4*p = -2*u + l. Let m(n) = 2*n - n + 0 + 7 - p. Give m(-4).
1
Let l(g) be the second derivative of -g**3/6 + 2*g. Calculate l(-4).
4
Let m(h) = 6*h - 1. Suppose -4*z = -3*z + n + 4, -n = -4*z + 9. Calculate m(z).
5
Let i(a) = -3*a + 13. Let c(v) = -5*v + 13. Let r(x) = -2*c(x) + 3*i(x). Calculate r(-6).
7
Let d(w) = 7 + w + 5 + 2 - 6. Give d(-7).
1
Let r(m) be the third derivative of m**2 - 1/4*m**4 - 1/120*m**6 - 1/12*m**5 + 0*m - m**3 + 0. Let d be r(-4). Let w(c) = c**3 - c**2 + 2. Calculate w(d).
6
Let n(p) = 5*p**2 + 8*p - 4. Let s(v) = 2*v**2 + 4*v - 2. Let m(y) = -3*n(y) +